ulate the greatest common divisor of 1 and f.
1
Let a = 1059 + -913. What is the greatest common divisor of 1241 and a?
73
Suppose -2*u = -4*p - 0*u + 244, -3*p + 190 = -5*u. What is the highest common divisor of p and 210?
30
Let w = -989 - -1085. Calculate the highest common divisor of 480 and w.
96
Suppose 3*c = -g + 51, -5*g + 325 = -0*g + c. Let y = g - 41. Calculate the highest common divisor of y and 175.
25
Let h = 1412 - 1294. Calculate the greatest common divisor of 3186 and h.
118
Let t = -1240 - -1318. Calculate the greatest common divisor of t and 1209.
39
Let v(t) be the third derivative of -t**6/120 + t**5/30 + t**4/12 + 2*t**3/3 - 13*t**2. Let p be v(3). Calculate the highest common factor of p and 16.
1
Let r = 814 + 3029. Calculate the greatest common factor of r and 63.
63
Let w(c) = -c**2 + 8*c + 14. Let b = 8 - -2. Let t be w(b). Let i be (t/18)/((-1)/57). Calculate the highest common divisor of i and 19.
19
Let i(w) = -w**3 - 35*w**2 + 16. Let m be i(-35). Calculate the highest common divisor of m and 20.
4
Let i be 2 + 0 - (10 - 4)/(-2). Suppose 5*z - 35 = -4*d, -2*d + 4*d = -2*z + 20. Let l = d - i. Calculate the highest common divisor of 100 and l.
10
Suppose 96 = 9*z - 5*z. Let k be ((-4)/(z/(-10)))/((-2)/(-24)). What is the highest common factor of k and 220?
20
Let n be 4/(6 - 2)*13. Let d be (429/(-11))/(-2 - -1). Calculate the greatest common factor of n and d.
13
Suppose 0 = 3*w + 4*b - 230, -w + 5*w - 4*b - 260 = 0. Let f = 107 + -79. Calculate the highest common divisor of w and f.
14
Suppose 4*g - 76 - 152 = 0. What is the highest common factor of 456 and g?
57
Suppose 0 = 3*n + 3*t - 81, -2*n + 26 + 25 = -t. What is the greatest common divisor of n and 6?
2
Suppose -5*a = 2*p - 620, 14*a - 18*a = -2*p - 514. Calculate the greatest common factor of a and 112.
14
Let u(l) = -19*l + 537. Let v be u(28). What is the greatest common factor of 405 and v?
5
Let s(d) = 3*d**2 + 28*d + 9. Let r be s(-9). Suppose -3*m + r*i + i + 116 = 0, -3*m - i = -124. What is the greatest common divisor of 160 and m?
40
Let i = 38 + -66. Let h be (-7)/(i/(-8)) - -8. Suppose -5*k = -5*o - 0*o - 15, k + 2*o = h. What is the highest common factor of 16 and k?
4
Suppose 0 = 5*z - 5*s - 545, 0*z - 4*z - 3*s + 471 = 0. Calculate the highest common divisor of z and 38.
38
Let t = 1055 - 614. Calculate the highest common factor of 126 and t.
63
Let a = -55 - -55. Suppose 0 = 2*l - 2*u - 81 - 151, a = 2*l - u - 235. What is the greatest common divisor of 17 and l?
17
Suppose -3*a + 2*a - c + 1 = 0, -3*a + 2*c = -3. Suppose -b - 28 = a. Let j = b + 57. Calculate the greatest common factor of 70 and j.
14
Let t be (-1188)/(-84) + (-5)/35. Calculate the greatest common divisor of 448 and t.
14
Let s(j) = 6*j**2 + 274*j - 42. Let a be s(-46). Calculate the greatest common divisor of 240 and a.
10
Let f(n) = -5*n - 10. Suppose 4*m - y = 2*y - 26, m + 3 = -y. Let h be f(m). Let b be 2/(-5) + 876/h. Calculate the highest common factor of b and 29.
29
Let b = -28 - -55. Suppose 0 = 2*t - b + 13. Calculate the highest common factor of 21 and t.
7
Let x be (-2)/(-15) + (-516)/(-180). Suppose 2 - 11 = -x*i. Calculate the greatest common divisor of 18 and i.
3
Let u(d) = 11 - 11 + d**3 + 7*d + 2 + 7*d**2. Let z be u(-8). Let c = 15 - z. Calculate the highest common divisor of 19 and c.
19
Let x(g) = -g**2 + 12*g - 3*g - 8 + 25. Let s be x(10). What is the greatest common divisor of 77 and s?
7
Let m = 958 + -953. Calculate the highest common factor of m and 655.
5
Let o be (-8 + 14)*(0 - 5). Let x = 35 + o. What is the greatest common factor of x and 40?
5
Let q(c) = -8*c - 36. Let d = 8 - 13. Let z be q(d). Calculate the greatest common divisor of z and 4.
4
Let h = -567 - -723. Calculate the highest common factor of h and 572.
52
Let k be 62 - (-3)/3*-3. Let t = -35 + k. Let s = t + -7. Calculate the greatest common factor of s and 153.
17
Let i(j) be the second derivative of -j**3/6 + 18*j**2 + 40*j - 1. Let v be i(17). Calculate the greatest common factor of 323 and v.
19
Let j be 17/(-34)*3*2*-42. Calculate the highest common divisor of j and 70.
14
Let x be 8174/38 - (-6)/(-57). Calculate the highest common divisor of x and 5.
5
Suppose 46 = -5*r - z, -4*r + z - 20 = 6*z. Let u be 2/r - -18*21/15. What is the highest common divisor of 200 and u?
25
Suppose 10*f - 1240 + 420 = 0. What is the greatest common factor of f and 369?
41
Let c be (-6)/(3 - 1) - 1. Let o be c/(-8)*8*4. Let k = 20 - o. Calculate the greatest common factor of 4 and k.
4
Suppose -5*t - a = -4099, 4*t - 2461 = t - a. Calculate the highest common factor of 42 and t.
21
Let m(y) be the third derivative of -y**4/24 + 10*y**3/3 + 28*y**2. Let n be m(-6). Calculate the highest common divisor of n and 78.
26
Let b = -2338 + 2516. Calculate the highest common factor of 1157 and b.
89
Let t(b) = -b**2 - 10*b - 27. Let j be t(-6). Let m be ((-12)/8)/((-7)/2 - j). Calculate the highest common factor of 15 and m.
3
Suppose -4*g = -4*h - 124, -5*h + 86 + 4 = 2*g. Suppose 7*m - g = 2*m. What is the highest common factor of m and 21?
7
Let c(n) = n**3 + 7*n**2 - 14*n - 14. Let u be c(-7). Let o = 14 - 10. Suppose 7*p - o*p - 36 = 0. What is the greatest common factor of u and p?
12
Suppose 4*q + 5*x - 40 = -q, 0 = 4*q - x - 22. Suppose -3*b + 283 + 176 = 0. Suppose -b = -2*d - 57. What is the greatest common divisor of q and d?
6
Suppose -148 = -27*j - 13. Calculate the highest common divisor of 345 and j.
5
Let i(p) = -3*p - 30. Let y be i(-18). Suppose 0 = -4*b + y + 36. What is the highest common divisor of 60 and b?
15
Suppose -74*z + 38 = -73*z. Calculate the highest common factor of z and 304.
38
Let l be (-20677)/(-319) + 4/22. What is the highest common factor of 10 and l?
5
Let v be (0/2)/(1*-2). Let z(y) = -y**2. Let k be z(v). Suppose 247 = 5*o + 3*s, 3*o = -k*o - 5*s + 145. What is the highest common divisor of o and 10?
10
Suppose 5*v - 8 = h - 0*h, 0 = 5*v + 5*h - 20. Suppose 4*i + y - v*y = 122, -28 = -i - y. Let o be 15 + 0 + 5/1. What is the greatest common factor of o and i?
10
Suppose -5*s + 2*k = -215, -3*s + 53 = 4*k - 102. Calculate the highest common divisor of 1440 and s.
45
Let q be 6*((-1)/2)/(-1). Suppose -7 - 13 = 5*f, -2*f = 3*s - 91. What is the highest common factor of s and q?
3
Suppose 58*j - 76*j + 1296 = 0. Calculate the highest common divisor of 120 and j.
24
Let l(y) = 13*y - 190. Let f be l(19). What is the highest common factor of 912 and f?
57
Suppose 6*w = -65 + 107. What is the highest common factor of w and 63?
7
Let j = 24 + -25. Let o be j/(19/5 + -4). What is the highest common factor of o and 15?
5
Let j = -16 + 29. Suppose a - 9 = 3*g, 4*a + 4*g = 1 - j. Suppose 5*t = -a*s + s - 4, 4*s = 2*t + 52. What is the greatest common divisor of 42 and s?
14
Let n = -28 - -42. Let x be (24/(-8) + (-14)/(-8))*-4. Let u be (-516)/(-15) - (-3)/x. What is the greatest common divisor of n and u?
7
Let n be (1664/20)/((-8)/(-40)). What is the greatest common factor of 26 and n?
26
Let z(c) = 4*c + 1. Let b(n) = -3*n - 2. Let a(v) = 6*b(v) + 4*z(v). Let d be a(-4). Suppose d*r - 63 = -r. Calculate the greatest common factor of r and 7.
7
Let p be -2*(-6)/8*(-6)/(-9). What is the greatest common factor of 11 and p?
1
Suppose -244 - 881 = -5*m. Suppose -341*u - 45 = -344*u. Calculate the highest common divisor of m and u.
15
Let w = 11 - -5. Let k(i) = 14*i**2 + 29*i + 73. Let t be k(-3). What is the greatest common divisor of w and t?
16
Suppose -16*p - 468 = -22*p. What is the greatest common divisor of 507 and p?
39
Suppose -m - 3*m = 2*k - 2312, 0 = 2*k - 5*m - 2294. Calculate the greatest common factor of k and 36.
36
Suppose -4 - 21 = -b + 4*z, -2*b - z + 23 = 0. Let a = 5 + b. Calculate the highest common divisor of 36 and a.
18
Let c be 1/(3 - 323/108). Let l = c - 73. Calculate the greatest common factor of 245 and l.
35
Let p(d) = -d**2 - 19*d + 12. Let b be p(-19). Let y = 3 - -1. Calculate the greatest common factor of y and b.
4
Let s(d) = -5*d - 4. Let j be s(-3). Let q(p) = -18 - 10 + 6 - 3*p - 7. Let v be q(-17). What is the highest common divisor of v and j?
11
Let j be (-6)/(-5)*(0 - -5). Let c be (32 - 37)*5/(50/(-12)). Suppose c*a - 14 